(base 7) in base 5?
10333
854 (base 11) to base 7
2665
Convert 17853 (base 10) to base 8.
42675
-100 (base 16) to base 8
-400
929b (base 12) to base 10
15959
Convert -11c (base 16) to base 8.
-434
9a4 (base 12) to base 4
112030
What is -b99a (base 12) in base 16?
-4fc6
Convert -703 (base 8) to base 3.
-121201
What is -244203 (base 5) in base 8?
-22127
Convert -10011100101 (base 2) to base 10.
-1253
Convert -201502 (base 6) to base 8.
-37116
Convert 202200 (base 3) to base 10.
558
Convert -15a (base 15) to base 11.
-262
4ba (base 12) to base 15
32d
-ad90 (base 14) to base 12
-15516
What is 11000112 (base 3) in base 10?
2930
-101011100 (base 2) to base 16
-15c
What is 840 (base 11) in base 8?
1764
1986 (base 11) to base 4
213102
Convert 21040 (base 7) to base 2.
1010000110101
-17587 (base 15) to base 2
-10010011011101110
3231111 (base 4) to base 12
8959
What is -110010011 (base 2) in base 6?
-1511
Convert 466 (base 8) to base 6.
1234
What is 906d (base 15) in base 14?
b170
Convert -44132 (base 5) to base 13.
-1500
-858 (base 13) to base 15
-650
What is -2002121 (base 3) in base 14?
-7b2
What is -1e08 (base 15) in base 16?
-1985
Convert 30509 (base 11) to base 4.
22313321
What is 1021211 (base 3) in base 2?
1110101100
What is -3252 (base 15) in base 10?
-10652
Convert 1122110211 (base 3) to base 7.
163345
Convert 5486 (base 13) to base 12.
698b
120200 (base 3) to base 5
3143
13331133 (base 4) to base 7
164031
a6e (base 15) to base 8
4462
Convert -14de2 (base 15) to base 6.
-1235222
269 (base 12) to base 6
1413
-3153 (base 7) to base 14
-59a
What is -23221 (base 5) in base 6?
-11450
What is 36522 (base 10) in base 5?
2132042
Convert 107a6 (base 12) to base 3.
1010000000
Convert -16c6 (base 13) to base 3.
-11121221
What is 420542 (base 6) in base 12?
17752
What is 173b (base 14) in base 2?
1000001001001
What is 111100011010 (base 2) in base 6?
25522
What is -11257 (base 8) in base 16?
-12af
Convert -1809 (base 14) to base 3.
-12221001
What is -13fc (base 16) in base 4?
-1033330
What is 432 (base 6) in base 14?
ba
Convert 6194 (base 16) to base 15.
7605
3140 (base 5) to base 4
12210
-6a (base 15) to base 2
-1100100
Convert -201221 (base 4) to base 15.
-988
What is 46260 (base 8) in base 12?
b440
-a057 (base 12) to base 13
-7b85
1011011000111 (base 2) to base 3
21222222
Convert 242 (base 5) to base 15.
4c
-2711 (base 16) to base 15
-2e6b
Convert 7ac (base 13) to base 5.
20300
What is -20110 (base 4) in base 10?
-532
What is 50143 (base 6) in base 14?
2555
Convert 7d80 (base 14) to base 13.
9c52
422 (base 8) to base 12
1aa
Convert -2544 (base 6) to base 12.
-454
What is -2712 (base 10) in base 5?
-41322
Convert 44e (base 15) to base 3.
1100002
What is -20a (base 15) in base 9?
-561
-101122200 (base 3) to base 5
-222032
What is 244511 (base 6) in base 2?
101010100011011
What is -2012300 (base 4) in base 14?
-3200
What is c27 (base 13) in base 4?
200031
What is -11101110011 (base 2) in base 4?
-131303
320303 (base 5) to base 12
623b
What is -2022 (base 4) in base 12?
-b6
Convert -12775 (base 8) to base 12.
-3311
-123423 (base 8) to base 16
-a713
-2503 (base 10) to base 7
-10204
What is 627 (base 11) in base 8?
1363
What is -7306 (base 10) in base 8?
-16212
Convert -596 (base 10) to base 14.
-308
6270 (base 8) to base 12
1a74
What is -97 (base 11) in base 13?
-82
33143 (base 6) to base 3
20022100
Convert 421522 (base 6) to base 13.
126a7
What is 42d7 (base 15) in base 9?
21364
-2122 (base 5) to base 3
-101122
-1023 (base 5) to base 11
-116
Convert -202020022 (base 3) to base 2.
-11100110011110
Convert -268 (base 10) to base 3.
-100221
What is -2644 (base 10) in base 6?
-20124
What is 222212 (base 3) in base 8?
1325
Convert -3142 (base 6) to base 14.
-38a
What is 1392 (base 13) in base 6?
21023
Convert -4310 (base 5) to base 7.
-1456
Convert 384 (base 16) to base 4.
32010
Convert -1001110010 (base 2) to base 14.
-32a
Convert 52304 (base 6) to base 14.
27ba
440003 (base 5) to base 7
61512
-3999 (base 13) to base 14
-3006
Convert 13201 (base 9) to base 5.
241121
What is 1b7b (base 12) in base 7?
12635
What is 3143 (base 6) in base 2?
1011000111
Convert ee7 (base 15) to base 12.
1b47
10102111 (base 3) to base 13
11a1
-1001100220 (base 3) to base 5
-1130204
Convert -505 (base 9) to base 12.
-2a2
Convert -55a5 (base 13) to base 4.
-2322331
-517 (base 10) to base 13
-30a
1986 (base 12) to base 8
6066
Convert 100000000000111 (base 2) to base 8.
40007
-32175 (base 8) to base 12
-7939
Convert 493 (base 10) to base 12.
351
What is 2ac5b (base 13) in base 2?
10011110100101100
-2b3b (base 12) to base 2
-1001111011111
What is 775 (base 12) in base 13?
665
Convert -102330 (base 4) to base 13.
-723
Convert -1001111000110 (base 2) to base 7.
-20521
What is a043 (base 13) in base 2?
101011000001001
What is -51013 (base 7) in base 9?
-17851
What is 234101 (base 5) in base 7?
34136
What is 3731 (base 14) in base 13?
4511
Convert 22405 (base 7) to base 16.
1639
Convert -537 (base 15) to base 3.
-1121121
Convert -32325 (base 8) to base 14.
-4d01
224410 (base 6) to base 16
4ad6
Convert -1a73 (base 13) to base 5.
-111411
Convert -1251 (base 14) to base 4.
-302013
Convert 21 (base 11) to base 5.
43
-99b (base 15) to base 5
-32141
Convert -211121 (base 4) to base 16.
-959
Convert 13a9 (base 12) to base 5.
33124
Convert -1000111101 (base 2) to base 14.
-2cd
Convert 293 (base 16) to base 5.
10114
What is -10321 (base 6) in base 8?
-2611
What is -7121 (base 9) in base 14?
-1c79
What is -34535 (base 8) in base 14?
-54cd
-17ba (base 12) to base 5
-43003
What is 8c0 (base 15) in base 14?
a16
-1315 (base 7) to base 5
-4002
Convert 2212200 (base 3) to base 10.
2097
-100011011111101 (base 2) to base 3
-220221002
Convert -20023000 (base 4) to base 2.
-1000001011000000
-13012 (base 4) to base 8
-706
What is -23 (base 11) in base 12?
-21
-7862 (base 14) to base 9
-31550
-502 (base 9) to base 16
-197
What is -10100111101111 (base 2) in base 14?
-3cab
-c5e (base 15) to base 3
-10211022
-334 (base 8) to base 15
-ea
Convert 101110000010 (base 2) to base 16.
b82
Convert -212001 (base 5) to base 15.
-21a1
What is -2273 (base 12) in base 14?
-1579
Convert 35c (base 13) to base 12.
408
Convert -655 (base 13) to base 15.
-4c4
What is d546 (base 14) in base 3?
1212100210
Convert -22101112 (base 3) to base 9.
-8345
What is 14601 (base 14) in base 8?
142611
72133 (base 8) to base 4
13101123
453 (base 7) to base 6
1030
Convert 222033 (base 4) to base 13.
12cc
Convert 1001010011101000 (base 2) to base 11.
26705
Convert 21406 (base 7) to base 5.
132342
-37a4 (base 16) to base 12
-82b0
What is -1011110001 (base 2) in base 10?
-753
222 (base 3) to base 15
1b
Convert -22c (base 13) to base 2.
-101111000
114302 (base 6) to base 11
7603
-44725 (base 10) to base 11
-3066a
Convert 5298 (base 10) to base 6.
40310
What is 267 (base 8) in base 7?
351
532 (base 11) to base 2
1010000000
-447 (base 11) to base 13
-322
-1958 (base 15) to base 8
-12553
2121102 (base 3) to base 10
1901
What is 109 (base 13) in base 10?
178
-10231331 (base 4) to base 9
-28452
-32100 (base 4) to base 12
-640
-32443 (base 5) to base 2
-100011001000
51a (base 15) to base 11
956
Convert -66c (base 16) to base 15.
-749
What is -11424 (base 10) in base 2?
-10110010100000
What is -4034 (base 9) in base 4?
-232003
315 (base 15) to base 5
10240
-961 (base 10) to base 7
-2542
-4 (base 16) to base 4
-10
a059 (base 14) to base 5
1340034
Convert -23314 (base 7) to base 8.
-13545
Convert -1827 (base 13) to base 12.
-20a6
-121111 (base 4) to base 12
-b31
What is -7134 (base 8) in base 4?
-321130
-1003 (base 6) to base 11
-18a
What is 407 (base 15) in base 14?
48b
What is 1010011001011110 (base 2) in base 14?
11742
What is -7730 (base 9) in base 13?
-2793
What is 184 (base 9) in base 15?
a7
Convert 160a (base 11) to base 13.
c30
10001012 (base 3) to base 6
14135
444 (base 5) to base 3
11121
What is -335402 (base 6) in base 12?
-14562
What is 23587 (base 11) in base 5?
2041400
What is 167b6 (base 12) in base 2?
111110111111010
What is 30333 (base 6) in base 5?
112032
666 (base 7) to base 10
342
What is -4525 (base 9) in base 12?
-1b28
What is 11113022 (base 4) in base 5?
1200322
1f8b (base 16) to base 11
6081
What is 165b4 (base 12) in base 8?
76330
6